base 9) to base 3.
1021
-88 (base 13) to base 14
-80
Convert -2 (base 10) to base 7.
-2
What is 121 (base 3) in base 8?
20
10 (base 10) to base 4
22
What is -1 (base 15) in base 2?
-1
What is 25 (base 14) in base 9?
36
Convert 5 (base 7) to base 16.
5
Convert 1 (base 11) to base 12.
1
Convert -5 (base 14) to base 2.
-101
Convert 11 (base 16) to base 3.
122
What is 131 (base 4) in base 3?
1002
What is 104 (base 8) in base 12?
58
What is -114 (base 5) in base 2?
-100010
What is 0 (base 7) in base 8?
0
-1010 (base 3) to base 9
-33
-1 (base 14) to base 11
-1
-5 (base 12) to base 14
-5
Convert -16 (base 9) to base 2.
-1111
Convert -52 (base 10) to base 14.
-3a
-2 (base 5) to base 4
-2
39 (base 11) to base 6
110
What is 6 (base 14) in base 9?
6
-1101 (base 2) to base 6
-21
33 (base 9) to base 14
22
-3 (base 16) to base 3
-10
Convert -154 (base 9) to base 3.
-11211
Convert -35 (base 6) to base 9.
-25
Convert 11 (base 3) to base 11.
4
Convert -270 (base 9) to base 8.
-341
What is -7e (base 16) in base 7?
-240
What is 1 (base 7) in base 16?
1
Convert 12 (base 10) to base 9.
13
-15 (base 9) to base 7
-20
Convert 1 (base 10) to base 5.
1
Convert 3 (base 6) to base 3.
10
Convert 20 (base 5) to base 10.
10
35 (base 9) to base 13
26
54 (base 11) to base 13
47
Convert -3 (base 15) to base 8.
-3
Convert -21 (base 4) to base 6.
-13
Convert 112 (base 4) to base 7.
31
What is -3 (base 14) in base 6?
-3
Convert -50 (base 6) to base 14.
-22
Convert 2 (base 6) to base 12.
2
What is 16 (base 8) in base 14?
10
What is -21001 (base 3) in base 14?
-d8
Convert 1c (base 13) to base 5.
100
-320 (base 4) to base 9
-62
-49 (base 11) to base 4
-311
Convert -15 (base 15) to base 7.
-26
What is -1310 (base 4) in base 8?
-164
-1 (base 13) to base 16
-1
Convert -5 (base 14) to base 8.
-5
Convert 13 (base 16) to base 8.
23
What is 0 (base 13) in base 2?
0
-21 (base 9) to base 13
-16
-d (base 15) to base 10
-13
-44 (base 9) to base 7
-55
What is -11 (base 8) in base 12?
-9
What is 5 (base 6) in base 14?
5
What is -80 (base 15) in base 14?
-88
What is 2 (base 16) in base 4?
2
What is 0 (base 11) in base 12?
0
Convert -4 (base 9) to base 2.
-100
-1 (base 6) to base 11
-1
Convert 36 (base 13) to base 8.
55
Convert -2 (base 8) to base 16.
-2
What is 153 (base 7) in base 9?
106
What is 13 (base 8) in base 2?
1011
Convert -308 (base 10) to base 13.
-1a9
Convert -7 (base 16) to base 13.
-7
What is 6 (base 8) in base 4?
12
-228 (base 10) to base 12
-170
Convert 2a (base 16) to base 10.
42
Convert -6 (base 14) to base 4.
-12
Convert -5 (base 12) to base 10.
-5
Convert 1b0 (base 12) to base 13.
183
Convert 1 (base 6) to base 9.
1
What is 1 (base 13) in base 12?
1
10 (base 8) to base 12
8
-4 (base 10) to base 12
-4
-1 (base 7) to base 11
-1
What is 79 (base 13) in base 2?
1100100
What is 1a (base 13) in base 4?
113
Convert -42 (base 8) to base 12.
-2a
What is 19 (base 12) in base 10?
21
-79 (base 15) to base 10
-114
Convert -10010 (base 2) to base 6.
-30
What is 0 (base 14) in base 10?
0
2 (base 14) to base 13
2
12 (base 16) to base 8
22
-191 (base 14) to base 8
-503
What is -102 (base 3) in base 9?
-12
-4 (base 14) to base 9
-4
What is -1330 (base 5) in base 2?
-11010111
What is -5 (base 8) in base 12?
-5
What is -2 (base 7) in base 8?
-2
What is 15 (base 14) in base 2?
10011
Convert -13 (base 4) to base 12.
-7
200 (base 9) to base 16
a2
What is -10001 (base 2) in base 14?
-13
Convert 101 (base 2) to base 10.
5
-10 (base 2) to base 11
-2
What is 13 (base 14) in base 15?
12
3 (base 10) to base 15
3
Convert 3f (base 16) to base 11.
58
Convert -6 (base 16) to base 7.
-6
5 (base 8) to base 4
11
Convert 10 (base 8) to base 10.
8
What is 309 (base 10) in base 16?
135
What is -4 (base 12) in base 15?
-4
-7 (base 10) to base 4
-13
Convert -1 (base 2) to base 10.
-1
22120 (base 3) to base 4
3213
Convert -202 (base 3) to base 5.
-40
What is -223 (base 4) in base 2?
-101011
113 (base 11) to base 4
2013
Convert 100 (base 2) to base 5.
4
Convert c4 (base 15) to base 4.
2320
-11 (base 10) to base 14
-b
3 (base 9) to base 7
3
What is 3 (base 5) in base 3?
10
Convert -11 (base 7) to base 14.
-8
12 (base 4) to base 14
6
What is 4 (base 12) in base 14?
4
Convert 1110 (base 2) to base 14.
10
-11 (base 5) to base 3
-20
What is -5 (base 8) in base 4?
-11
Convert 2121 (base 3) to base 12.
5a
Convert -2 (base 8) to base 6.
-2
What is -1 (base 13) in base 16?
-1
-1 (base 16) to base 14
-1
Convert -426 (base 9) to base 13.
-20a
-4 (base 16) to base 8
-4
What is -6 (base 11) in base 5?
-11
What is 10101 (base 2) in base 5?
41
-111 (base 3) to base 4
-31
What is -3 (base 13) in base 11?
-3
What is -2 (base 4) in base 5?
-2
What is 10 (base 14) in base 9?
15
-114 (base 8) to base 4
-1030
What is -7 (base 11) in base 7?
-10
-6 (base 10) to base 16
-6
What is 49 (base 13) in base 12?
51
What is 325 (base 6) in base 8?
175
1210 (base 3) to base 2
110000
Convert 13 (base 6) to base 14.
9
What is -6 (base 14) in base 9?
-6
-52 (base 12) to base 4
-332
What is -19 (base 13) in base 14?
-18
What is 190 (base 10) in base 4?
2332
-62 (base 12) to base 15
-4e
366 (base 9) to base 8
457
-111 (base 4) to base 6
-33
-2 (base 16) to base 3
-2
What is 328 (base 9) in base 15?
12e
Convert -122 (base 8) to base 11.
-75
-100 (base 3) to base 6
-13
What is -17 (base 11) in base 4?
-102
Convert 6 (base 16) to base 8.
6
3 (base 15) to base 8
3
Convert 1 (base 15) to base 16.
1
-105 (base 11) to base 12
-a6
What is -12 (base 4) in base 14?
-6
What is -10111 (base 2) in base 5?
-43
-160 (base 10) to base 2
-10100000
Convert -1132 (base 5) to base 3.
-20012
Convert -1 (base 12) to base 15.
-1
What is -1 (base 15) in base 6?
-1
Convert 34 (base 5) to base 10.
19
Convert -a (base 13) to base 9.
-11
What is -4 (base 15) in base 8?
-4
-61 (base 7) to base 2
-101011
What is 3 (base 6) in base 13?
3
Convert -21 (base 3) to base 16.
-7
What is -6 (base 10) in base 5?
-11
Convert -19 (base 11) to base 5.
-40
Convert 1c (base 16) to base 11.
26
Convert -13e (base 15) to base 14.
-164
Convert -335 (base 7) to base 5.
-1143
11 (base 3) to base 4
10
Convert -50 (base 15) to base 9.
-83
Convert 211 (base 8) to base 5.
1022
-8 (base 9) to base 10
-8
11 (base 9) to base 13
a
Convert -10110 (base 2) to base 3.
-211
Convert -20 (base 13) to base 10.
-26
11 (base 7) to base 15
8
Convert -58 (base 14) to base 2.
-1001110
-a (base 12) to base 5
-20
What is 48 (base 9) in base 6?
112
Convert 4 (base 10) to base 14.
4
Convert -4 (base 14) to base 4.
-10
What is -212 (base 8) in base 4?
-2022
42 (base 12) to base 6
122
Convert 2 (base 3) to base 15.
2
Convert -6 (base 13) to base 12.
-6
Convert 13 (base 14) to base 5.
32
What is -1 (base 7) in base 8?
-1
-4 (base 9) to base 5
-4
Convert 2 (base 3) to base 5.
2
Convert 301 (base 4) to base 2.
110001
-261 (base 10) to base 13
-171
What is 541 (base 6) in base 7?
412
What is -11 (base 6) in base 9?
-7
Convert 233 (base 4) to base 11.
43
-20 (base 10) to base 16
-14
-1000 (base 6) to base 7
-426
-6 (base 14) to base 3
-20
Convert -10 (base 9) to base 5.
-14
4 (base 14) to base 9
4
Convert -3 (base 16) to base 11.
-3
110111 (base 2) to base 16
37
Convert 13 (base 5) to base 6.
12
What is a (base 14) in base 11?
a
-a (base 11) to base 4
-22
-27 (base 9) to base 13
-1c
Convert -5 (base 13) to base 10.
-5
Convert 101 (base 2) to base 10.
5
1140 (base 5) to base 10
170
What is 113 (base 4) in base 8?
27
-3 (base 15) to base 13
-3
Convert 21 (base 5) to base 7.
14
0 (base 5) to base 16
0
-1 (base 10) to base 9
-1
What is -13 (base 10) in base 6?
-21
Convert 11 (base 14) to base 6.
23
-1 (base 16) to base 15
-1
Convert 51 (base 9) to base 12.
3a
What is 143 (base 5) in base 12?
40
Convert 222 (base 6) to base 8.
126
11101 (base 2) to base 11
27
Convert 11 (base 6) to base 13.
7
What is 0 (base 12) in base 8?
0
What is 13 (base 9) in base 2?
1100
Convert 10 (base 13) to base 7.
16
What is 5 (base 9) in base 2?
101
Convert -152 (base 11) to base 16.
-b2
Convert 3 (base 10) to base 16.
3
What is 1 (base 11) in base 13?
1
What is 21 (base 15) in base 14?
23
174 (base 9) to base 2
10010100
29 (base 15) to base 11
36
What is 2 (base 3) in base 2?
10
-97 (base 11) to base 13
-82
Convert 14 (base 11) to base 15.
10
Convert -4b 